hat is the remainder when 108766 is divided by 23?
22
Calculate the remainder when 136439 is divided by 722.
703
Calculate the remainder when 17739 is divided by 131.
54
What is the remainder when 204901 is divided by 13660?
1
What is the remainder when 33524 is divided by 8348?
132
What is the remainder when 384453 is divided by 98?
97
What is the remainder when 1068 is divided by 351?
15
What is the remainder when 33458 is divided by 33440?
18
Calculate the remainder when 198013 is divided by 39.
10
What is the remainder when 204823 is divided by 34137?
1
What is the remainder when 4286 is divided by 2137?
12
What is the remainder when 2867 is divided by 192?
179
Calculate the remainder when 38915 is divided by 188.
187
Calculate the remainder when 3841 is divided by 35.
26
Calculate the remainder when 587943 is divided by 174.
171
What is the remainder when 4734 is divided by 295?
14
What is the remainder when 807 is divided by 131?
21
What is the remainder when 24532 is divided by 12266?
0
What is the remainder when 74723 is divided by 31?
13
What is the remainder when 7586 is divided by 1515?
11
Calculate the remainder when 558621 is divided by 529.
526
What is the remainder when 620929 is divided by 88702?
15
What is the remainder when 34148 is divided by 6799?
153
Calculate the remainder when 1657 is divided by 160.
57
Calculate the remainder when 318666 is divided by 29.
14
What is the remainder when 7394 is divided by 96?
2
What is the remainder when 2578 is divided by 361?
51
What is the remainder when 8723 is divided by 25?
23
Calculate the remainder when 531356 is divided by 984.
980
What is the remainder when 23721 is divided by 29?
28
What is the remainder when 37316 is divided by 1777?
1776
What is the remainder when 616822 is divided by 205596?
34
Calculate the remainder when 21249 is divided by 4247.
14
Calculate the remainder when 2275 is divided by 533.
143
What is the remainder when 2652 is divided by 9?
6
What is the remainder when 85836 is divided by 42906?
24
What is the remainder when 1339 is divided by 79?
75
Calculate the remainder when 82353 is divided by 12.
9
What is the remainder when 7260 is divided by 60?
0
Calculate the remainder when 4799 is divided by 121.
80
Calculate the remainder when 778 is divided by 71.
68
Calculate the remainder when 23295 is divided by 448.
447
Calculate the remainder when 2483 is divided by 122.
43
Calculate the remainder when 1912 is divided by 315.
22
What is the remainder when 4939 is divided by 1432?
643
Calculate the remainder when 45780 is divided by 22867.
46
What is the remainder when 401708 is divided by 75?
8
What is the remainder when 952866 is divided by 86?
72
What is the remainder when 87939 is divided by 99?
27
What is the remainder when 10365 is divided by 69?
15
What is the remainder when 1226 is divided by 246?
242
What is the remainder when 2703 is divided by 2?
1
Calculate the remainder when 2464 is divided by 107.
3
Calculate the remainder when 23103 is divided by 513.
18
What is the remainder when 103663 is divided by 682?
681
What is the remainder when 5908 is divided by 193?
118
What is the remainder when 726 is divided by 261?
204
Calculate the remainder when 187823 is divided by 4.
3
What is the remainder when 589 is divided by 71?
21
Calculate the remainder when 22034 is divided by 7343.
5
What is the remainder when 18824 is divided by 6246?
86
What is the remainder when 30917 is divided by 7728?
5
What is the remainder when 5258 is divided by 345?
83
What is the remainder when 24012 is divided by 7995?
27
Calculate the remainder when 908 is divided by 185.
168
What is the remainder when 826 is divided by 55?
1
Calculate the remainder when 737 is divided by 593.
144
What is the remainder when 2696 is divided by 747?
455
What is the remainder when 5866 is divided by 5865?
1
What is the remainder when 17598 is divided by 840?
798
Calculate the remainder when 17162 is divided by 5368.
1058
Calculate the remainder when 5918 is divided by 1480.
1478
What is the remainder when 28304 is divided by 28117?
187
Calculate the remainder when 744068 is divided by 903.
899
Calculate the remainder when 6805 is divided by 6366.
439
What is the remainder when 7382 is divided by 1303?
867
What is the remainder when 11639734 is divided by 738?
736
Calculate the remainder when 10192 is divided by 570.
502
Calculate the remainder when 24643 is divided by 362.
27
What is the remainder when 2914 is divided by 113?
89
Calculate the remainder when 11435 is divided by 7.
4
Calculate the remainder when 1297558 is divided by 1911.
1900
Calculate the remainder when 384188 is divided by 9.
5
Calculate the remainder when 95379 is divided by 95378.
1
Calculate the remainder when 530117 is divided by 18.
17
What is the remainder when 224032 is divided by 120?
112
Calculate the remainder when 10340 is divided by 431.
427
What is the remainder when 543 is divided by 185?
173
What is the remainder when 2304 is divided by 543?
132
Calculate the remainder when 5863 is divided by 80.
23
Calculate the remainder when 442 is divided by 50.
42
What is the remainder when 10995 is divided by 20?
15
Calculate the remainder when 35346 is divided by 47.
2
What is the remainder when 1805 is divided by 836?
133
What is the remainder when 3498 is divided by 401?
290
What is the remainder when 11416 is divided by 509?
218
What is the remainder when 742202 is divided by 176?
10
Calculate the remainder when 3859 is divided by 766.
29
What is the remainder when 347728 is divided by 27?
22
Calculate the remainder when 3242 is divided by 29.
23
Calculate the remainder when 1045207 is divided by 10.
7
Calculate the remainder when 12477 is divided by 443.
73
Calculate the remainder when 245032 is divided by 44.
40
Calculate the remainder when 465 is divided by 453.
12
What is the remainder when 413432 is divided by 82670?
82
Calculate the remainder when 23996 is divided by 353.
345
Calculate the remainder when 59518 is divided by 889.
844
What is the remainder when 59253 is divided by 86?
85
Calculate the remainder when 440824 is divided by 35.
34
What is the remainder when 6159 is divided by 1018?
51
Calculate the remainder when 2188 is divided by 529.
72
What is the remainder when 5361 is divided by 958?
571
Calculate the remainder when 531 is divided by 527.
4
What is the remainder when 1769 is divided by 104?
1
What is the remainder when 10651 is divided by 394?
13
What is the remainder when 15882 is divided by 2264?
34
Calculate the remainder when 763 is divided by 239.
46
What is the remainder when 24940 is divided by 13?
6
What is the remainder when 25662 is divided by 25653?
9
Calculate the remainder when 63642 is divided by 52.
46
Calculate the remainder when 6946 is divided by 267.
4
What is the remainder when 1328 is divided by 14?
12
Calculate the remainder when 228382 is divided by 208.
206
What is the remainder when 4323 is divided by 1060?
83
What is the remainder when 1215669 is divided by 888?
885
What is the remainder when 1236 is divided by 547?
142
What is the remainder when 146463 is divided by 21?
9
Calculate the remainder when 1668817 is divided by 10.
7
What is the remainder when 113086 is divided by 96?
94
What is the remainder when 1421 is divided by 1188?
233
What is the remainder when 28234 is divided by 187?
184
Calculate the remainder when 2637515 is divided by 714.
713
What is the remainder when 32210 is divided by 16092?
26
Calculate the remainder when 476 is divided by 422.
54
Calculate the remainder when 576618 is divided by 6.
0
What is the remainder when 245720 is divided by 76?
12
Calculate the remainder when 3474 is divided by 231.
9
Calculate the remainder when 6965 is divided by 994.
7
Calculate the remainder when 15050 is divided by 3762.
2
Calculate the remainder when 37982 is divided by 12555.
317
What is the remainder when 1258 is divided by 183?
160
What is the remainder when 801 is divided by 99?
9
Calculate the remainder when 4592 is divided by 801.
587
What is the remainder when 8910 is divided by 159?
6
What is the remainder when 2034 is divided by 128?
114
Calculate the remainder when 6179085 is divided by 719.
718
Calculate the remainder when 18606 is divided 